= 12*s**2 + 6*s + 3. What is the hundreds digit of a(v)?
3
Let l = -841 - -3789. What is the thousands digit of l?
2
Let m(a) = -51*a**3 - a**2 - 3*a - 2. Let r be m(-1). Let c be r/7 + (-6)/21. Let h(s) = -s**3 + 7*s**2 + 2*s + 17. What is the tens digit of h(c)?
3
Let o = -465 - -82. Let k = 745 + o. What is the tens digit of k?
6
Suppose 23*a - 19*a = 8164. Suppose -4*v = -3*f + a, -6*f + 5*v - 3460 = -11*f. What is the hundreds digit of f?
6
Let a = 177 + -175. Suppose -4*j = r - 276, a*r + 4*j = 80 + 480. What is the units digit of r?
4
Let g be (-1512)/(-312) - 4/(-26). What is the hundreds digit of (g + (-678)/24)*-24?
5
Let n = 159 + 130. Let b = n - 148. What is the tens digit of b?
4
Let v(z) = 32*z + 20. Let r be v(6). Suppose -r = -0*b - 2*b. Let p = b - -117. What is the tens digit of p?
2
Suppose 5*w + 11 - 31 = 0. Let i be -3 + 2 + (w - 4). What is the units digit of (-65)/(-26)*(i + 3)?
5
Let z(o) = -4*o + 57. Let t be z(13). Suppose d - 34 = -t*f + 9, -97 = -3*d + f. Suppose -28*r + d*r - 1220 = 0. What is the tens digit of r?
4
Let h(n) = 4*n**2 - 12*n + 18. Suppose q + 60 = -4*q - 5*t, q - 4*t - 13 = 0. What is the tens digit of h(q)?
9
Let v = -39809 - -103691. What is the ten thousands digit of v?
6
Suppose -2*t - 5*s + 390 = -3*s, -5*t + 1015 = -5*s. Let k be -2*t/(-2) - -2. Suppose 299 = 10*z - k. What is the tens digit of z?
5
Let f be ((-2560)/800)/((-2)/5). Let h be -3 + 1 + 9/1. Suppose -f*c + h*c = -261. What is the tens digit of c?
6
Suppose -4*d + q = 42 + 22, -16 = d - 4*q. Let w = d + 19. Suppose -m = 4*g - 85, g - 4 = -w*g. What is the tens digit of m?
8
Suppose -79*x = -74*x. Suppose x = 129*o - 135*o + 3102. What is the tens digit of o?
1
What is the thousands digit of -4*(2 + 28/(-10) + (-1177392)/960)?
4
Suppose 5*r = -y + 7764, -51*y = -53*y - r + 15519. What is the units digit of y?
9
What is the tens digit of 91/(-21) - -4 - (-275855)/15?
9
Let r(s) = -s**3 - 9*s**2 + 4. Let d(m) = -m**2 + 12*m + 7. Let q be d(13). Let w be r(q). Let z = w - -148. What is the tens digit of z?
4
Let g = -3638 + 23310. What is the hundreds digit of g?
6
Let p(t) = t - 5. Let o be p(10). Suppose -8*q + 404 = -3*q - 4*j, -o*q - 2*j + 398 = 0. Suppose -2*n + q = -118. What is the tens digit of n?
9
Let i(y) = 46*y + 662. What is the units digit of i(-6)?
6
Suppose -2*l = -5*x + 3500, x + 717 = 2*x + 3*l. Let q = x + -295. What is the hundreds digit of q?
4
Suppose -7*g - 417 = -2174. Let q = g - -408. What is the tens digit of q?
5
Let j(o) = -11*o**3 - 39*o**2 + 2*o + 72. What is the units digit of j(-10)?
2
What is the ten thousands digit of 11868 + (-13 - (6 + -9))?
1
Suppose -54*j + 44*j + 6842324 = 157*j. What is the thousands digit of j?
0
Let m(v) = -v**3 + 31*v**2 - 2*v + 67. Let r be m(31). Suppose 3*c - c + 2*i = 1418, 0 = -3*c + r*i + 2159. What is the units digit of c?
3
Suppose 0 = 95*j - 80*j - 172650. What is the hundreds digit of j?
5
Let b(v) = -39*v - 166. Let x = -456 - -434. What is the units digit of b(x)?
2
What is the hundreds digit of (5 - 1 - (198/(-8) - -2))*84?
2
What is the tens digit of (-9)/(-126)*-12 - 1884/(-42)?
4
What is the thousands digit of (-195)/(-130) + 13431/2?
6
What is the hundreds digit of (-88143)/(-22) - (-7)/14*1?
0
Suppose o = 385 + 287. Let w = o - 420. What is the tens digit of w?
5
Let j(c) = -5*c**3 - 3*c**2 - 2*c - 11. Let d be j(-5). Suppose 4*y - 2*o = 1246, -2*y + 64 = -3*o - d. What is the hundreds digit of y?
3
Let f = -2394 + 3178. Suppose 0 = 5*i - 798 + 253. Suppose f = 5*c + i. What is the hundreds digit of c?
1
Suppose -4 = -3*t - 21*r + 17*r, 0 = t + 2*r - 4. What is the tens digit of 18/t*(-3)/((-27)/(-102))?
5
Let l(r) = -113*r - 14. Let w be l(-3). Suppose p - 907 + w = 2*i, i = 5. What is the units digit of p?
2
Suppose -k + 20 = 4*k - 2*j, -23 = k + 5*j. Suppose 0 + 34 = -3*s + k*t, -28 = 2*s + 4*t. Let w(m) = -5*m - 3. What is the tens digit of w(s)?
5
Let i = -365 + 596. Let l = 1209 - 1054. Let d = i - l. What is the units digit of d?
6
Let v(f) be the third derivative of f**5/20 - 5*f**4/12 + f**3/2 - 5*f**2. Suppose 3 = -13*k + 10*k, 3*k - 37 = -5*r. What is the tens digit of v(r)?
1
Let o = -302 + 304. Suppose -o*z + 5192 = 5*v, 5*v + 4*z = 2*v + 3118. What is the units digit of v?
8
What is the tens digit of (-32)/240 + (-3 - 4489499/(-105))?
5
Let j be (-2)/(-1) - (-29 + 0). Suppose 2*c + 2*k + 14 = 0, c + 5*k + 13 = k. Let d = j + c. What is the units digit of d?
6
Let s = -2858 - -3393. Let r be -1 - -5*(-2)/(-2). Suppose 5*u = -4*i + s, r*i - 119 = -4*u + 421. What is the hundreds digit of i?
1
Suppose 2117 = -l - s + 16443, -3*l + 2*s + 42988 = 0. What is the units digit of l?
8
Let k(n) = -47*n + 1. Let l be k(3). Suppose -857 = 3*g - 4*p, -1195 = 5*g - 5*p + 225. Let z = l - g. What is the units digit of z?
9
Let s be (-20)/(-30) - (16/6 + -1). What is the hundreds digit of 4 - -381 - (-3)/s?
3
Suppose -5*g - 8 = 5*q - 3, 0 = -3*q. Let k be 0 + 1 + (g - -169). Let x = 249 - k. What is the units digit of x?
0
Suppose -1971 = -3*g - r, 2*g - 3*r - 1314 = -0*r. Suppose 68 = -n + g. What is the hundreds digit of n?
5
Let a = 19 - 17. Suppose -a*t + 3*n + 1 = 2, -n - 5 = -2*t. Suppose -x + 0*s = t*s - 26, -5*s - 61 = -3*x. What is the tens digit of x?
2
Let w(m) = 6*m + 37. Let i be w(-6). Let p be 4/((-4)/(-81)) + i. Suppose -g = g - p. What is the units digit of g?
1
Suppose 3*j - 191 - 292 = 0. Let a(w) = 2*w**3 + 101*w**2 - 59*w - 88. Let l be a(-51). Let d = l - j. What is the hundreds digit of d?
1
Suppose c + 2*n = 4, -3*n + 8 = -c + n. Suppose -5*k - y + 285 = -6*y, -k - 5*y + 45 = c. What is the tens digit of k/(-10)*(1 - 9)?
4
Let a = -81 + 85. Suppose -a*s + 2361 = 321. What is the tens digit of s?
1
Let f(y) = y**3 - 7*y**2 + 3*y + 2. Let p be f(6). Let b be p/((8/492)/((-2)/6)). Suppose 0 = 4*c - 5*q - b, -2*q = c + q - 99. What is the tens digit of c?
8
Suppose 5*d + 17 = 3*l, 0 = -l - 5*d - 4 + 3. Suppose 2*t - t - l = 0. Suppose 2 = s, -5*s + 35 + 27 = t*m. What is the tens digit of m?
1
Let z(d) = -2*d**2 - 7*d - 6. Let u(g) = -g**2 + g. Let w(f) = -3*u(f) + z(f). Let j be w(9). Let r = 14 - j. What is the units digit of r?
9
Let j be 4/18 - (-2014)/171. Let f = 5 - 13. What is the tens digit of 45*(-1)/(j/f)?
3
Suppose 0 = 2*d + 9 + 9. Let b be (-14)/(-63) - (-974)/d. Let g = b + 191. What is the units digit of g?
3
Let s = 963 + -1472. Let v = s - -746. What is the tens digit of v?
3
Suppose 3*h - 2*t - 467 = 0, 0*h = -3*h + 4*t + 475. Let f = h - 52. What is the hundreds digit of f?
1
Suppose -3*r + 723 = 3*d, -349 = -4*d - 5*r + 620. Let i = 707 - d. What is the units digit of i?
1
Let y = -807 - -564. Let n = -113 - y. Let a = n - 36. What is the units digit of a?
4
Suppose 0 = 259*q - 262*q + 4*r + 155622, -5*q + 3*r = -259348. What is the tens digit of q?
6
Suppose -i + 5*i + u = 3649, 0 = -u + 1. Let g = i + -599. What is the hundreds digit of g?
3
Suppose -2*x + 18 = 4*b - 12, -3*b - 5*x + 40 = 0. Suppose b*u + 2 = 12. What is the units digit of (u - 33)/((-9)/18)?
2
Let t be 1*8*1/(-8)*6. Let c(g) = 2*g**2 - 3*g - 6. Let f be c(t). Suppose -14*z + 0 + f = 0. What is the units digit of z?
6
Suppose -5414 = -8*x - 1118. Suppose -4*w + x = -w. What is the hundreds digit of w?
1
Let q = -278 - -191. Let r = q - -169. What is the units digit of r?
2
Let b(c) = -c**3 - 18*c**2 - 19*c + 11. Let r be b(-17). Suppose 63*w - 22644 = r*w. What is the units digit of w?
8
What is the thousands digit of (8 - 64/16) + 73*1124?
2
Let o(j) = 5*j - 18. Let m be o(4). Suppose -m*v + 3 = -9. Suppose 0 = -2*d + v, -2*i - 2*i + 270 = 2*d. What is the units digit of i?
6
Suppose 3*k - 9 = 0, 3*l + 2*k - 3 = 27. Suppose 2091 = l*j + 499. What is the units digit of j?
9
Let h(m) = 6*m - 1. Let a(k) = 6*k - 4*k + 5*k. Let b(z) = 5*a(z) - 6*h(z). What is the units digit of b(-2)?
8
Let r(i) = 5*i**3 - i**2 + 8*i + 9. Let m be r(6). Suppose -6 = 3*n, s - 3*n = -4*s + m. What is the hundreds digit of s?
2
Suppose -302*a - 327*a + 686*a = 1407900. What is the tens digit of a?
0
Let l = 513 - 767. Suppose 377*n = 378*n + 5*g + 49, -3*g - 67 = n. Let y = n - l. What is the units digit of y?
0
Suppose 6*b + 171 = 9*b. Let q be (-322)/(-6) - 16/24. Le